(n) be the first derivative of n**2/2 + 4*n - 295. Let t be 3 + 4 + -5 + -15. What is h(t)?
-9
Let k(w) = w**2 - 53*w + 541. Let h(y) = 2*y**3 + 87*y**2 - 63*y - 797. Let s be h(-44). Give k(s).
-5
Let a = -128 + 130. Let v(h) = -2 - 1 - 4*h + a + 297*h**2 - 298*h**2 + 2. What is v(-6)?
-11
Let t(b) = 1. Let p(r) = -2 + 7*r + r**2 + 27 - 3 - 4. Let o(n) = p(n) - 3*t(n). Determine o(-5).
5
Let s = -83 - -94. Let v(w) = 16*w + 14. Let n(h) be the second derivative of -h**3/2 - 3*h**2/2 - h. Let k(l) = s*n(l) + 2*v(l). Give k(5).
-10
Let g(b) = 3*b**2 + b + 3. Suppose -42*c = 31*c + 146. Determine g(c).
13
Let k(n) = 2*n**2 - 12. Let q(p) = 2*p**2 - 11. Let b(v) = -6*k(v) + 7*q(v). Suppose 646*z = 700*z - 162. What is b(z)?
13
Let n(s) = 3*s + 7. Let k(f) = -2*f. Let j(z) = 20*z + 7 + 3*z - 2*z. Let o(u) = -2*j(u) - 18*k(u). Let h(q) = 7*n(q) + 4*o(q). Calculate h(-7).
14
Suppose -3*q = -9*l + 4*l - 358, 0 = 5*q + 2*l - 576. Let w = q - 117. Let i(h) = 1 + h**2 + 3*h**3 - 2*h**2 + 4*h**3. What is i(w)?
-7
Let t(b) = 24*b + 187. Let x be t(-8). Let v(o) = o**3 + 4*o**2 + o. Determine v(x).
-30
Let y(s) be the third derivative of -3*s**5/20 + 11*s**4/24 + 8*s**3/3 + 5220*s**2. Give y(3).
-32
Let t(j) = -65*j**2 + j + 30. Let x(b) = 119*b**2 - 3*b - 56. Let i(r) = 11*t(r) + 6*x(r). Let y = 5 - 11. Determine i(y).
0
Suppose f - 2 = 3*l - 7*l, 3*f + 5 = -l. Let s(o) = 3 + l + 76*o - 78*o. Suppose -5*a = -2*a - 12. Give s(a).
-4
Let s(k) = 2*k**3 - 16*k**2 + 5*k - 20. Let g(x) = -x**3 + 8*x**2 - 3*x + 9. Suppose 0 = 5*b + 26 - 91. Let m(q) = b*g(q) + 6*s(q). Determine m(7).
-17
Let i(o) = o**3 + 3*o**2 + 3*o + 2. Suppose -90*f - 170 = -28*f + 16. Give i(f).
-7
Let o = 241 + -239. Suppose -3*x + 0*c = 3*c, -5*c - 15 = o*x. Let r(l) = -l**2 + 7. Give r(x).
-18
Let y be (-359)/4 + 20/(-16) - 0. Let r = y + 99. Let w(o) = -2*o**3 + 17*o**2 - 11*o + 11. What is w(r)?
-13
Let q(m) = m**2 - 7*m + 7. Let g(x) = 0*x**2 + 8 + 0 - 7*x + x**2. Suppose -3*w = -2*p - 15, 333*p - 5 = -w + 331*p. Let z(f) = w*q(f) - 4*g(f). Calculate z(7).
3
Let n(f) = 15*f**2 + f - 1. Suppose -5 - 1 = -3*r, -5*s + r + 583 = 0. Let i be 13/9 + (-52)/s. Determine n(i).
15
Let m(u) = -59 + 262 - 103 - 109 + 9*u. Calculate m(1).
0
Let q(i) = 3*i - 23. Let p(f) = -4*f**3 + 169*f**2 - 44*f + 84. Let v be p(42). Give q(v).
-23
Let u(w) = w**2 + 40*w - 77. Let c(t) = -2288*t + 15975. Let a be c(7). What is u(a)?
-36
Let y(h) = -h**2 + h + 11. Let q(n) = 4*n**2 - n + 85. Let s(d) = -q(d) - 2*y(d). Determine s(0).
-107
Let r(y) = 2*y - 19. Let l be r(11). Suppose l*g - 25 + 10 = 0. Suppose -4*q = -g*b - 14, 0*b - 3*b - 14 = -q. Let c(p) = p**2 + 4*p - 8. Give c(b).
4
Suppose 3 = -d, 5*u - 4*d - d = 100. Let g = u + 24. Let m(a) = 48 - a - 3*a - g - a**2. Determine m(-5).
2
Let z(j) be the second derivative of j**5/20 - 2*j**4/3 + 5*j**3/6 + 5*j**2/2 + 756*j - 1. What is z(7)?
-9
Let p(s) = -259 - s**3 + 35*s**2 + 37*s - 11 + 231. Determine p(36).
-3
Let u(r) = 6*r**2 + 132*r - 3. Suppose 5*j = 4*a + 83, -3*j + 85 = -131*a + 127*a. Calculate u(a).
-3
Let r(g) be the second derivative of -g**7/1260 - g**6/360 + g**5/120 - 269*g**4/12 + 96*g. Let o(d) be the third derivative of r(d). Calculate o(-2).
-3
Let l(c) = c**2 + 5. Let x(y) = -y**2 - 6. Let h(n) = -6*l(n) - 5*x(n). Let r be -19 - -16 - 42/(-4)*2. Suppose 2*a + 7*a = -r. Calculate h(a).
-4
Let z(n) = -28 + 38 + 3*n - 17 - 2*n. Suppose -10 = -s - 3. Determine z(s).
0
Let k be (-102)/21 + 2/(-14). Let r(o) = o**2 + 3*o - 1. Let f be r(k). Let q(b) = -b**2 + 10*b - 9. Determine q(f).
0
Let s(k) = 24*k + 409. Suppose 185*w + 4609 = 1464. Give s(w).
1
Let s = 5 - 15. Let p(y) = 2*y - 1004. Let u(h) = -7*h + 3003. Let r(k) = -3*p(k) - u(k). Determine r(s).
-1
Let w(q) = -27*q**2 + q. Let t be 14 + (-2472)/192 + 1 + 9/(-8). Determine w(t).
-26
Let m(i) = 4*i**3 + 123*i**2 - 36*i - 21. Let a be m(-31). Let z(w) = a*w - w**2 - 51*w - 41*w - 44*w - 3. Give z(-3).
-6
Let y(i) be the third derivative of -i**5/15 - i**4/12 - i**3/6 - 75*i**2 - i - 13. Let q(a) = a**2 - a - 1. Let j be q(1). What is y(j)?
-3
Let w(r) = r**2 + 11*r + 27. Let q = 11736 - 11744. Determine w(q).
3
Let v(u) = 2*u**3 + 3*u**2 + 2*u - 1. Let a = 39 - -121. Let r = -162 + a. Give v(r).
-9
Let q(l) = 26 - 2*l**2 + 20 - 54 + 0*l**2. Let i(c) = c**2 + 2*c + 10. Let o(h) = -3*i(h) - 2*q(h). Determine o(6).
-14
Suppose 3*b = 30*b - 486. Let r(n) = -b*n**2 + 11896 + 4*n**2 - 11880 - n**3 - 11*n. Give r(-13).
-10
Let x(p) = 2*p**2 - 2*p + 21. Suppose 0 = -2*a + 4, -2*j - 100*a = -96*a - 16. What is x(j)?
45
Let a(l) = 6*l**2 - 1 - 4 + l**3 - 4*l**2 + 3*l**2. Let i be 10836/189*3/2. Suppose -22*h - i = 24. Calculate a(h).
-5
Suppose -4*h + 399*x = 395*x - 388, 5*h - 2*x = 464. Let a(r) = 3*r**2 + 4*r - 6. Let i be a(-5). Let k(g) = h*g + 1 - 43*g - i*g + 2. Give k(-6).
15
Let b(m) = m**3 - 9*m**2 + 9*m - 12. Let g be b(8). Let r(t) = -3*t. Let l(z) = 1. Let f(q) = g*l(q) + r(q). Calculate f(-2).
2
Suppose -69*i + 71*i = s + 6, 2*s - 5*i + 12 = 0. Let x(d) = 2*d**2 + 3*d + 3. What is x(s)?
57
Let u(q) = -q**3 - 2*q - 5. Let j(n) = -n**2. Let p(m) = 3*j(m) + u(m). Let w(z) = z**3 + z**2 + 2. Let i(o) = -p(o) - 2*w(o). What is i(2)?
1
Suppose 0 = -37*k + 41*k + 12, -3*k + 16 = 5*u. Let s(g) = g**2 - g + 1. Let m(q) = -3*q**2 + 14*q. Let a(h) = -m(h) - 2*s(h). Determine a(u).
-37
Let m(v) = -94*v**3 - v**2 - v + 2. Suppose -314*p = -18*p - 296. Give m(p).
-94
Let b be 12*(-4 - (-3 + 1))*(2 - 3). Let x(v) = -v**2 + 12*v + 287. Determine x(b).
-1
Suppose 0 = -p - 2*b + 11 - 1, 3*p = -4*b + 20. Let g(i) = -1131*i**2 + 3 + 1130*i**2 + p + 5*i. Give g(4).
7
Suppose 587*l = 632*l - 109 - 71. Let r(q) = q**3 - 7*q**2 + 11*q + 7. What is r(l)?
3
Let d(c) = 2*c - 6. Suppose 4*q - o = 49, 71 = 5*q + 5*o - 9. Let x be q/39*17*4*-3. Let j = 74 + x. Determine d(j).
6
Let r(m) = 4*m**3 + 10*m**2 - 41*m - 12. Let v(f) = 5*f**3 + 9*f**2 - 44*f - 10. Let x(j) = 4*r(j) - 3*v(j). Determine x(-15).
12
Let w be 2*(2/4 + 0). Let b(h) = -w - h + 0*h + 2. Let o be (-368)/138 - 8/24. Determine b(o).
4
Suppose 21*s = 31 + 32. Suppose 3*z + 3*r = -9, z - 2*r - s*r = -27. Let g(y) = y**3 + 7*y**2 - 2*y - 1. Determine g(z).
13
Let b(s) = 4*s**2 - 49*s - 23. Let j = 541 + -528. Give b(j).
16
Suppose 2 = -3*u + 20. Let p(j) = 3 - 7*j + 4*j**2 - 11*j**2 + u*j + j**3. Determine p(7).
-4
Let t(h) = 5*h - 7*h**2 + 2 - 2 + 10*h**2 + 6 - 4*h**2. Calculate t(6).
0
Let t(v) = v - 15. Suppose 4*h + 5*n = 44, -167*n = -5*h - 164*n + 55. Calculate t(h).
-4
Let y(l) be the second derivative of 3*l**5/10 - l**2/2 + 12*l - 1. Let r(w) = 4*w - 15. Let p be r(-3). Let j = 28 + p. Give y(j).
5
Suppose n = -12 + 9. Let a be 1*(-2 - n)/(-5 + 4). Let g(o) = 3*o**2 - 2*o - 2. Determine g(a).
3
Let w(v) = -8*v - 13. Let k be w(16). Let c = k - -143. Let j(y) = -3 + 4 + y**2 - 3*y + 2. What is j(c)?
1
Let z(p) = -16*p**2 + 2*p - 1. Let h(c) = 5*c**2 + 17*c - 99. Let g be h(6). Let v = g - 182. Determine z(v).
-15
Let h(u) = u**3 - 19*u**2 + 17*u + 15. Let t(f) = f**3 + 14*f**2 + 68*f + 403. Let b be t(-11). Determine h(b).
-3
Suppose 2 = 2*a - 2. Let l(m) = 5*m + 4. Let j(r) be the second derivative of -4*r**3/3 - 5*r**2/2 - 5*r + 1. Let p(b) = -2*j(b) - 3*l(b). Give p(a).
0
Let w be 7/21 + 2/(-6). Suppose 18 = -3*l - w*l. Let z(m) = -5*m + 5*m - 3*m - 8. Give z(l).
10
Suppose 0*c + 2*c + 5*c = 21. Let v(n) = 5*n**2. What is v(c)?
45
Let n be -1*-2*(-6)/(-12). Let v(r) = -r - 1. Let a(b) be the third derivative of -b**3/6 - b**2. Let z(u) = -5*a(u) + 6*v(u). Calculate z(n).
-7
Let v(d) = -2*d + 7. Let i be v(-3). Suppose -i*p + 75 = -12*p. Let x(y) = -73*y + 7 + p*y + 2. Determine x(-7).
-5
Let g(t) be the third derivative of -t**5/60 - 7*t**4/12 - 19*t**3/6 + 1006*t**2. What is g(-15)?
-34
Suppose 4*w - 3*o = w + 9, -7 = -5*w + o. Let s(t) = 0 - 2 - 1 + 76250*t**2 - 76248*t**2 + 3. What is s(w)?
2
Let a be (-42)/126 + (-2)/(-6). Suppose a = 132*o - 130*o + 12. Let y(k) = -k**2 - 6*k - 6. Give y(o).
-6
Let j be ((-90)/(-21))/(0 - (-3)/84). Let d(n) = -5 - 10*n**2 - j*n**3 + 247*n**3 - 10*n - 128*n**3. Calculate d(-9).
4
Let v(g) = -788266 - 18*g + 1576520 - 788253. Let a(d) = 2*d**2 + d. Let q be a(-1). Give v(q).
-17
Let m(k) = -k**2 +